2*l + 4*f - 20. Let d(b) = -b**3 - b**2 - 8. Let h(v) = 3*v**3 + 3*v**2 + 24. Let r(g) = -8*d(g) - 3*h(g). Determine r(l).
-8
Let y(p) = -p**3 - 2*p**2 + p - 4. Let q be y(-3). Let i(h) = h + 7. Let g be i(-6). Let c(r) = -3 - 3*r + g + r**q + 0 - 1. Determine c(3).
-3
Let g(w) = 4*w**3 + 1 - 6*w**2 + 7*w - 7 - 3*w**3. Suppose 0 = 66*t - 64*t - 8. What is g(t)?
-10
Suppose -8 - 16 = -4*r. Let m(d) = 75*d - 38*d - 7 + 3*d - 35*d. Calculate m(r).
23
Let y be -3*(2 - 11/3) - 3. Suppose -5*z - 15 = 5*r, -7 = z + 2*r - y. Let v(i) = -8*i - 1. Determine v(z).
7
Suppose 5*f - 16 = -6, -5*p = -5*f. Let o be (-6)/4 - (4 + 15/(-2)). Let v(h) = -14*h**o - 1 + h + 2 - p. Determine v(1).
-14
Let x(n) = -15*n**3 + 10 - 2*n**2 - 27*n + 4 + 9 - 12*n**2. Let l(q) = 7*q**3 + 7*q**2 + 13*q - 11. Let j(g) = -13*l(g) - 6*x(g). Give j(-6).
11
Let l = 6 + -3. Suppose -l*z + 4 = 3*c - 2*c, 2*c - 8 = -4*z. Suppose z*b - 15 = 3*b. Let j(i) = -i**2 - 4*i - 1. Determine j(b).
-6
Let p(y) = y**3 + y**2 + 8. Suppose 8*v + 0*v = -v. Give p(v).
8
Let b(w) = -3*w**2 - w - 4. Let f(k) = -11*k**2 - 2*k - 14. Let p(l) = 7*b(l) - 2*f(l). Determine p(6).
18
Let a(n) = -76 - 84 + 232 - 88 + n. What is a(8)?
-8
Suppose 2*j + 1 = 5. Let u be (10/(-20))/(j/(-12)). Let t(i) = -3*i - 2*i + 10*i + 2 - u. Determine t(2).
9
Let g(v) = -v**2 + 2*v - 1. Let m(r) = r**3 - 8*r**2 + 14*r - 8. Suppose -7*w = -2*w - z - 26, 4*z = w + 10. Let t be m(w). What is g(t)?
-9
Let q be (-189)/(-35) + 6/10. Suppose q*l = 8*l + 6. Let d(w) = -4*w - 3 + 0*w - 1. Calculate d(l).
8
Let k(s) = -s**3 - 11*s**2 + s - 11. Let m = -1099 - -1088. Give k(m).
-22
Let f(z) = 7 - 54*z - 2 + 46*z + z**2. Calculate f(7).
-2
Let t = -47 + 50. Suppose 0 = -t*r + 18 - 0. Let j(z) = z - 1. Let g(a) = 3*a - 9. Let y(w) = g(w) - 2*j(w). Determine y(r).
-1
Let q(i) = -i**2 - 11*i - 7. Let l(t) = -3*t**2 - 5*t - 8. Let a be l(-2). Give q(a).
3
Let x be (4 - 4) + 6/1 + -2. Let q(l) = 3*l**3 + l**2 - 8*l - 6. Let w(c) = 8*c**3 + 4*c**2 - 23*c - 17. Let p(u) = -11*q(u) + 4*w(u). Determine p(x).
-2
Let h(f) = 0*f**2 + 0*f**2 + 2 + 1 - f**2 - 2*f. Let p = 22 - 11. Suppose -31 = 5*v + 3*b, v + 0*b = -3*b - p. Calculate h(v).
-12
Let w(m) = -m + 1. Let c(l) = 4*l - 4. Let b(a) = c(a) + 2*w(a). Let j be 42/(-15) - (-2)/(-10). Let s = 5 + j. Calculate b(s).
2
Suppose 116 = 4*r - 100. Suppose r*k + 4 = 53*k. Let m(c) = c**3 + 4*c**2 - 7*c - 5. Calculate m(k).
23
Let z(w) be the second derivative of w**4/6 - 13*w**3/6 + 9*w**2/2 + 14*w + 1. What is z(6)?
3
Let p(u) = u**2 + 2*u - 3. Suppose 4*j + 3*i = 7, -5*j - 3*i + 3 = -2. What is p(j)?
-3
Let r(g) = -7*g**2 + g + 3. Let t(v) = 16*v**2 + 2*v + 6 - 41*v**2 - v + 12*v**2. Let h(c) = 11*r(c) - 6*t(c). Give h(-5).
-3
Let f = 19/28 + -3/7. Let u(m) be the first derivative of f*m**4 + 5/3*m**3 + 3/2*m**2 - m - 3. Determine u(-3).
8
Suppose -4*z = -5*z + 3. Let x(v) = 0 + 7*v - 6*v - z + 6. Give x(6).
9
Let m(r) = -r + 29 - 9 - 8 - 18. Determine m(-9).
3
Let n(j) = -434*j + 19. Let r(t) = -67*t + 3. Let p(v) = -2*n(v) + 13*r(v). Let l be (8 + 2/(-2))/(-1). Calculate p(l).
22
Let s(n) = -n**2 - 11*n - 6. Let u(g) = -g**3 + 8*g**2 - 8*g - 4. Let o be u(7). Let i be s(o). Let t(q) = q**3 + 7*q**2 + 6*q - 6. Calculate t(i).
-6
Suppose 5*m + 13*m = -2*m. Let p(y) be the third derivative of y**5/60 - 2*y**3/3 + 5*y**2. Determine p(m).
-4
Let d(n) = -12*n + 1. Let k be d(-1). Suppose 0 = -x + 4*u + k, 4*x + 3*u - 28 = 7*u. Let g(i) = x + 1 + i - 1 - 6. What is g(4)?
3
Let n(s) = 9*s + 136. Let t be n(-15). Let h(j) = 12*j**2 - 1. Calculate h(t).
11
Let d(g) = g**3 - 11*g**2 + 4. Let j be d(11). Let z(p) = p**2 + 3*p - 5. Let h be z(-5). Let y(k) = 7*k - 2*k - 4*k + 4*k - h. What is y(j)?
15
Suppose -4*d + 16 = -2*d - 2*n, 2*d = -5*n - 12. Let r be d/(-2) + (-2 - -1) + 0. Let f(m) = m**2 + m. What is f(r)?
6
Let z(s) = 2 + 3*s**2 + 6*s - s**3 - s**2 - 4*s + 2*s**2. Let v(o) = o**2 + 33*o - 593. Let i be v(-46). Calculate z(i).
-13
Let l(c) = 2*c - 5. Let z(w) be the second derivative of w**3/6 - 2*w**2 - 390*w. Let a be 1*-1 - (-9 - -2). Let s(n) = a*z(n) - 5*l(n). Determine s(1).
-3
Let u = -712 + 708. Let d(o) = 4*o - 4. Let j(z) = z. Let b(w) = -d(w) + 3*j(w). Give b(u).
8
Suppose -3 - 14 = a + u, 3*u + 15 = 0. Let t = -12 - a. Let l(g) = 3*g - 4*g + 5*g**3 + 4 - 6*g**2 + t*g**3 - 4*g**3. Calculate l(6).
-2
Let k(l) be the first derivative of l**4/4 + 4*l**3/3 + 7*l**2/2 + 3. Let y(t) = -2*t**3 - 8*t**2 - 15*t. Let m(i) = 13*k(i) + 6*y(i). What is m(-4)?
-4
Let w be (2/(-6))/(-8*(-11)/1056). Let b(j) = -2*j**3 + 3*j + 4*j**2 - 4 + 3*j**3 + 1. What is b(w)?
-15
Let i(m) = m**2 - 3*m - 1. Suppose 17*c = 66 - 15. Determine i(c).
-1
Suppose 3*l + 4*x - 6 = 0, 0*x = -4*l - x + 21. Let c(v) be the second derivative of l*v + 1/20*v**5 + 0*v**3 - 1/4*v**4 + 0 + 2*v**2. What is c(3)?
4
Let q(k) = 6*k**3 + 3*k**2 + 3*k. Let n be q(-2). Let u = -36 - n. Let v(a) = a**2 - 4*a. Give v(u).
12
Let a(r) = 7*r + 4. Let q(m) be the first derivative of 4*m**2 + 5*m + 37. Let h(o) = -6*a(o) + 5*q(o). Give h(-3).
7
Let i be ((-10)/(-15))/((-1)/6). Let v(b) be the third derivative of b**6/120 + b**5/20 - b**4/6 - b**3/3 + 191*b**2. What is v(i)?
-2
Let p(d) be the third derivative of -d**5/60 - 13*d**4/24 + 7*d**3/6 - 783*d**2. What is p(-13)?
7
Let b(j) be the second derivative of -j**4/12 - 11*j**3/3 - 21*j**2 - 19*j - 1. Calculate b(-20).
-2
Let h(m) = -2*m**2 - m. Let l = 15 + -10. Let q(z) = -3*z + 2 - 3*z + l*z. Let k be q(1). What is h(k)?
-3
Let x(c) = -c**2. Let y(r) be the second derivative of -r**4/12 + 4*r. Let b be 5*4/30*-3. Let s(m) = b*x(m) + y(m). What is s(-3)?
9
Let h = 1345 - 1353. Let g(i) = 4*i**2 - 3*i**2 + 6*i + 0*i**2. What is g(h)?
16
Suppose 3*r = 9, -2*c - 4*r + 40 + 2 = 0. Suppose -7*a = -54 - 58. Let t(w) = -c*w - 1 + a*w - 6. Calculate t(6).
-1
Let r be ((-4)/(3 - 1))/(-1). Suppose -3*g + 3 + 4 = -2*z, -z + 13 = 4*g. Let m be z*4/r + 0. Let u(t) = -t**2 + t + 2. Calculate u(m).
0
Suppose 0 = 11*w + 130 - 86. Let u(v) = -v + 5. Determine u(w).
9
Suppose -9*w = -2*w - 14. Let r(q) = -28*q - 32*q + 94*q + 2 - 32*q. Calculate r(w).
6
Suppose 25*g - 28*g = 0. Let k(a) be the third derivative of 0*a + g - a**3 - 1/24*a**4 + a**2. Calculate k(-6).
0
Let d(z) = 18*z**2 - 10*z**3 + 6*z**3 + 2*z**3 - 1 - 16*z**2 + 10*z**3 + 2*z. What is d(-1)?
-9
Let i(n) = -4*n + 0*n - n - 9 + 7*n. Give i(4).
-1
Let n(h) be the third derivative of -h**5/60 - 7*h**4/24 + h**3/6 - 3*h**2 - h. Let b be ((-3)/2)/((-18)/(-60)). Calculate n(b).
11
Suppose -6 - 4 = -2*j. Let f(q) be the second derivative of q**5/20 - q**4/2 + q**3/2 + 3*q**2 + 267*q. Calculate f(j).
-4
Let i = 0 - -1. Let t(v) = 4*v - 1. Let j be t(i). Let n(s) = -3*s + j*s - 2*s - 4 + 4*s. Calculate n(5).
6
Let l(a) = -4*a - 2. Let c be l(2). Let g be ((-24)/10)/(4/c). Suppose 2*h + 4 = g. Let d(q) = 11*q**3 + q**2 - q + 1. Give d(h).
12
Let q = 178 - 182. Let j(h) be the second derivative of -h**3/2 - 5*h**2/2 - 2*h. What is j(q)?
7
Let w be 8 + (-696)/145 + 2/(-10). Let b(x) be the second derivative of -x**3/6 - 3*x**2/2 + 9*x. Calculate b(w).
-6
Let y(c) = c**2 + c + 3. Suppose -12*u + 54 = 18. Suppose -5*o - 34 = -3*q, 2*q - u*o + 0*o = 21. What is y(q)?
15
Let b(w) = w**2 + 4*w + 1. Let n(a) = 2*a**2 + 2*a - 1. Let s(i) = b(i) - n(i). Let k be (5 + -1)*5/4. Determine s(k).
-13
Let t(u) be the third derivative of 3*u**5/20 + u**4/24 + u**3/6 - 9*u**2 - 2. Calculate t(-1).
9
Let f(h) be the third derivative of h**4/12 - 7*h**3/2 + 5*h**2 + 29. Give f(7).
-7
Let s(j) = 35*j**3 + 9*j**2 - 2*j - 2. Let p(c) = -19*c**3 - 5*c**2 + c + 1. Let i(t) = -11*p(t) - 6*s(t). Let m = 0 + -2. Determine i(m).
11
Let o(a) = a**2 + 4*a - 9. Let h be o(-6). Let f(m) = h + 0 + 0 - 1 + 3*m. Let p be (-3)/(2/4*2). What is f(p)?
-7
Suppose -f + 3*q - 11 = -0*f, 4*f = q - 22. Let t(c) = -6*c**2 - c - 2. Let w(j) = -3 - 7*j**2 + 4 + j + 6*j**2. Let s(a) = t(a) - 5*w(a). Determine s(f).
-2
Let r(x) = -x**3 + 9*x + 1. Let b(m) = 114*m + 570. Let n be b(-5). Calculate r(n).
1
Suppose 49*v + 85 = -4*o + 44*v, -15 = 2*o - 3*v. Let n(k) = -2*k - 12. Give n(o).
18
Suppose 34*m - 23*m + 55 = 0. Let h(f) = -f**2 - 7*f - 5. Give h(m).
5
Let d be (2/3 - 2)*-15. Let n be d/(-6) + (3